{"id":208,"date":"2019-08-28T22:25:48","date_gmt":"2019-08-28T20:25:48","guid":{"rendered":"http:\/\/artoutai.com\/equinoxes\/?page_id=208"},"modified":"2020-09-02T14:14:40","modified_gmt":"2020-09-02T12:14:40","slug":"partenaires","status":"publish","type":"page","link":"https:\/\/artoutai.com\/equinoxes\/partenaires\/","title":{"rendered":"PARTENAIRES"},"content":{"rendered":"<p>[vc_row css_animation=\u00a0\u00bb\u00a0\u00bb row_type=\u00a0\u00bbrow\u00a0\u00bb use_row_as_full_screen_section=\u00a0\u00bbno\u00a0\u00bb type=\u00a0\u00bbfull_width\u00a0\u00bb angled_section=\u00a0\u00bbno\u00a0\u00bb text_align=\u00a0\u00bbleft\u00a0\u00bb background_image_as_pattern=\u00a0\u00bbwithout_pattern\u00a0\u00bb][vc_column css=\u00a0\u00bb.vc_custom_1567024835603{background-color: #ffffff !important;}\u00a0\u00bb][vc_column_text]<\/p>\n<p style=\"text-align: center;\">Toute l\u2019\u00e9quipe d&rsquo;<a href=\"https:\/\/www.artoutai.com\" target=\"_blank\" rel=\"noopener noreferrer\"><strong>Artouta\u00ef Productions<\/strong><\/a> remercie l\u2019ensemble des personnes qui contribuent aux Equinoxes et tous les partenaires institutionnels, m\u00e9dias, culturels, les habitants et les \u00e9lus de la communaut\u00e9 de communes de la Bretagne Romantique.<\/p>\n<p>[\/vc_column_text][vc_empty_space][vc_column_text]<\/p>\n<h3><strong>Institutionnels<\/strong><\/h3>\n<p>&nbsp;<\/p>\n<p style=\"text-align: center;\"><a href=\"https:\/\/www.bretagne.bzh\/\" target=\"_blank\" rel=\"noopener noreferrer\">\u00a0<\/a><a href=\"https:\/\/www.ccbrennes.fr\/\" target=\"_blank\" rel=\"noopener noreferrer\"><img loading=\"lazy\" class=\"alignnone wp-image-274 size-full\" src=\"http:\/\/artoutai.com\/equinoxes\/wp-content\/uploads\/2019\/09\/CCBR.png\" alt=\"\" width=\"80\" height=\"96\" \/><\/a>\u00a0 \u00a0 \u00a0 \u00a0 \u00a0 \u00a0 \u00a0 \u00a0 \u00a0 \u00a0 \u00a0 \u00a0 <img loading=\"lazy\" class=\"alignnone wp-image-276 size-full\" src=\"http:\/\/artoutai.com\/equinoxes\/wp-content\/uploads\/2019\/09\/LogoCG.png\" alt=\"\" width=\"146\" height=\"96\" \/>\u00a0 \u00a0 \u00a0 \u00a0 \u00a0 \u00a0 \u00a0 \u00a0 \u00a0 \u00a0 \u00a0<img loading=\"lazy\" class=\"alignnone size-full wp-image-277\" src=\"http:\/\/artoutai.com\/equinoxes\/wp-content\/uploads\/2019\/09\/LogoRegion.jpg\" alt=\"\" width=\"95\" height=\"96\" \/>\u00a0 \u00a0 \u00a0 \u00a0 \u00a0 \u00a0 \u00a0 \u00a0 \u00a0 \u00a0 \u00a0<img class=\"alignnone size-full wp-image-277\" src=\"http:\/\/artoutai.com\/equinoxes\/wp-content\/uploads\/2020\/09\/logoFDVAsite-1.jpg\" alt=\"\" height=\"96\" \/><\/p>\n<p><a href=\"https:\/\/plesder.fr\/\" target=\"_blank\" rel=\"noopener noreferrer\"><img loading=\"lazy\" class=\"alignnone wp-image-496 aligncenter\" src=\"http:\/\/artoutai.com\/equinoxes\/wp-content\/uploads\/2020\/03\/plesder.jpeg\" alt=\"\" width=\"217\" height=\"212\" srcset=\"https:\/\/artoutai.com\/equinoxes\/wp-content\/uploads\/2020\/03\/plesder.jpeg 420w, https:\/\/artoutai.com\/equinoxes\/wp-content\/uploads\/2020\/03\/plesder-300x293.jpeg 300w\" sizes=\"(max-width: 217px) 100vw, 217px\" \/><\/a><\/p>\n<h3><strong>M\u00e9dias<\/strong><\/h3>\n<p><a href=\"https:\/\/www.agendaou.fr\/\" target=\"_blank\" rel=\"noopener noreferrer\"><img loading=\"lazy\" class=\"wp-image-569 aligncenter\" src=\"http:\/\/artoutai.com\/equinoxes\/wp-content\/uploads\/2020\/03\/AGendaou.jpg\" alt=\"\" width=\"222\" height=\"96\" srcset=\"https:\/\/artoutai.com\/equinoxes\/wp-content\/uploads\/2020\/03\/AGendaou.jpg 720w, https:\/\/artoutai.com\/equinoxes\/wp-content\/uploads\/2020\/03\/AGendaou-300x130.jpg 300w, https:\/\/artoutai.com\/equinoxes\/wp-content\/uploads\/2020\/03\/AGendaou-700x303.jpg 700w\" sizes=\"(max-width: 222px) 100vw, 222px\" \/><\/a><\/p>\n<p>[\/vc_column_text][vc_empty_space][vc_separator type=\u00a0\u00bbnormal\u00a0\u00bb][vc_column_text]<b>Remerciements<\/b><\/p>\n<p><b>Le projet de l\u2019association re\u00e7oit le soutien financier de<\/b> la Communaut\u00e9 de communes de la Bretagne Romantique, du D\u00e9partement d\u2019Ille-et-Vilaine, de la R\u00e9gion Bretagne, du Fond pour le d\u00e9veloppement de la vie associative.<\/p>\n<p><b>Les partenaires de la deuxi\u00e8me\u00a0 \u00e9dition :<\/b><\/p>\n<p><span style=\"font-weight: 400;\">&gt; la commune de Plesder<\/span><\/p>\n<p><span style=\"font-weight: 400;\">&gt; l\u2019\u00e9cole primaire \u201cLa petite\u00a0 courci\u00e8re\u201d de Plesder<\/span><\/p>\n<p>&nbsp;<\/p>\n<p><b>De chaleureux remerciements \u00e9galement aux artistes, techniciens, partenaires, prestataires et b\u00e9n\u00e9voles pour ces Equinoxes !<\/b><b><\/b>[\/vc_column_text][\/vc_column][\/vc_row][vc_row css_animation=\u00a0\u00bb\u00a0\u00bb row_type=\u00a0\u00bbrow\u00a0\u00bb use_row_as_full_screen_section=\u00a0\u00bbno\u00a0\u00bb type=\u00a0\u00bbfull_width\u00a0\u00bb angled_section=\u00a0\u00bbno\u00a0\u00bb text_align=\u00a0\u00bbleft\u00a0\u00bb background_image_as_pattern=\u00a0\u00bbwithout_pattern\u00a0\u00bb][vc_column][vc_empty_space][\/vc_column][\/vc_row]<\/p>\n","protected":false},"excerpt":{"rendered":"<p>[vc_row css_animation=\u00a0\u00bb\u00a0\u00bb row_type=\u00a0\u00bbrow\u00a0\u00bb use_row_as_full_screen_section=\u00a0\u00bbno\u00a0\u00bb type=\u00a0\u00bbfull_width\u00a0\u00bb angled_section=\u00a0\u00bbno\u00a0\u00bb text_align=\u00a0\u00bbleft\u00a0\u00bb background_image_as_pattern=\u00a0\u00bbwithout_pattern\u00a0\u00bb][vc_column css=\u00a0\u00bb.vc_custom_1567024835603{background-color: #ffffff !important;}\u00a0\u00bb][vc_column_text] Toute l\u2019\u00e9quipe d&rsquo;Artouta\u00ef Productions remercie l\u2019ensemble des personnes qui contribuent aux Equinoxes et tous les partenaires institutionnels, m\u00e9dias, culturels, les habitants et les \u00e9lus de la communaut\u00e9 de communes de la Bretagne Romantique. [\/vc_column_text][vc_empty_space][vc_column_text]&#8230;<\/p>\n","protected":false},"author":1,"featured_media":0,"parent":0,"menu_order":0,"comment_status":"closed","ping_status":"closed","template":"","meta":[],"yoast_head":"<!-- This site is optimized with the Yoast SEO plugin v15.9.2 - https:\/\/yoast.com\/wordpress\/plugins\/seo\/ -->\n<title>PARTENAIRES - Les \u00e9quinoxes d&#039;Artouta\u00ef<\/title>\n<meta name=\"robots\" content=\"index, follow, max-snippet:-1, max-image-preview:large, max-video-preview:-1\" \/>\n<link rel=\"canonical\" href=\"https:\/\/artoutai.com\/equinoxes\/partenaires\/\" \/>\n<meta property=\"og:locale\" content=\"fr_FR\" \/>\n<meta property=\"og:type\" content=\"article\" \/>\n<meta property=\"og:title\" content=\"PARTENAIRES - Les \u00e9quinoxes d&#039;Artouta\u00ef\" \/>\n<meta property=\"og:description\" content=\"[vc_row css_animation=\u00a0\u00bb\u00a0\u00bb row_type=\u00a0\u00bbrow\u00a0\u00bb use_row_as_full_screen_section=\u00a0\u00bbno\u00a0\u00bb type=\u00a0\u00bbfull_width\u00a0\u00bb angled_section=\u00a0\u00bbno\u00a0\u00bb text_align=\u00a0\u00bbleft\u00a0\u00bb background_image_as_pattern=\u00a0\u00bbwithout_pattern\u00a0\u00bb][vc_column css=\u00a0\u00bb.vc_custom_1567024835603{background-color: #ffffff !important;}\u00a0\u00bb][vc_column_text] Toute l\u2019\u00e9quipe d&rsquo;Artouta\u00ef Productions remercie l\u2019ensemble des personnes qui contribuent aux Equinoxes et tous les partenaires institutionnels, m\u00e9dias, culturels, les habitants et les \u00e9lus de la communaut\u00e9 de communes de la Bretagne Romantique. [\/vc_column_text][vc_empty_space][vc_column_text]...\" \/>\n<meta property=\"og:url\" content=\"https:\/\/artoutai.com\/equinoxes\/partenaires\/\" \/>\n<meta property=\"og:site_name\" content=\"Les \u00e9quinoxes d&#039;Artouta\u00ef\" \/>\n<meta property=\"article:modified_time\" content=\"2020-09-02T12:14:40+00:00\" \/>\n<meta property=\"og:image\" content=\"http:\/\/artoutai.com\/equinoxes\/wp-content\/uploads\/2019\/09\/CCBR.png\" \/>\n<meta name=\"twitter:card\" content=\"summary_large_image\" \/>\n<meta name=\"twitter:label1\" content=\"Dur\u00e9e de lecture est.\">\n\t<meta name=\"twitter:data1\" content=\"1 minute\">\n<script type=\"application\/ld+json\" class=\"yoast-schema-graph\">{\"@context\":\"https:\/\/schema.org\",\"@graph\":[{\"@type\":\"WebSite\",\"@id\":\"https:\/\/artoutai.com\/equinoxes\/#website\",\"url\":\"https:\/\/artoutai.com\/equinoxes\/\",\"name\":\"Les \\u00e9quinoxes d&#039;Artouta\\u00ef\",\"description\":\"Ev\\u00e8nements artistiques en Bretagne Romantique\",\"potentialAction\":[{\"@type\":\"SearchAction\",\"target\":\"https:\/\/artoutai.com\/equinoxes\/?s={search_term_string}\",\"query-input\":\"required name=search_term_string\"}],\"inLanguage\":\"fr-FR\"},{\"@type\":\"ImageObject\",\"@id\":\"https:\/\/artoutai.com\/equinoxes\/partenaires\/#primaryimage\",\"inLanguage\":\"fr-FR\",\"url\":\"http:\/\/artoutai.com\/equinoxes\/wp-content\/uploads\/2019\/09\/CCBR.png\"},{\"@type\":\"WebPage\",\"@id\":\"https:\/\/artoutai.com\/equinoxes\/partenaires\/#webpage\",\"url\":\"https:\/\/artoutai.com\/equinoxes\/partenaires\/\",\"name\":\"PARTENAIRES - Les \\u00e9quinoxes d&#039;Artouta\\u00ef\",\"isPartOf\":{\"@id\":\"https:\/\/artoutai.com\/equinoxes\/#website\"},\"primaryImageOfPage\":{\"@id\":\"https:\/\/artoutai.com\/equinoxes\/partenaires\/#primaryimage\"},\"datePublished\":\"2019-08-28T20:25:48+00:00\",\"dateModified\":\"2020-09-02T12:14:40+00:00\",\"breadcrumb\":{\"@id\":\"https:\/\/artoutai.com\/equinoxes\/partenaires\/#breadcrumb\"},\"inLanguage\":\"fr-FR\",\"potentialAction\":[{\"@type\":\"ReadAction\",\"target\":[\"https:\/\/artoutai.com\/equinoxes\/partenaires\/\"]}]},{\"@type\":\"BreadcrumbList\",\"@id\":\"https:\/\/artoutai.com\/equinoxes\/partenaires\/#breadcrumb\",\"itemListElement\":[{\"@type\":\"ListItem\",\"position\":1,\"item\":{\"@type\":\"WebPage\",\"@id\":\"http:\/\/artoutai.com\/equinoxes\/\",\"url\":\"http:\/\/artoutai.com\/equinoxes\/\",\"name\":\"Accueil\"}},{\"@type\":\"ListItem\",\"position\":2,\"item\":{\"@type\":\"WebPage\",\"@id\":\"https:\/\/artoutai.com\/equinoxes\/partenaires\/\",\"url\":\"https:\/\/artoutai.com\/equinoxes\/partenaires\/\",\"name\":\"PARTENAIRES\"}}]}]}<\/script>\n<!-- \/ Yoast SEO plugin. -->","_links":{"self":[{"href":"https:\/\/artoutai.com\/equinoxes\/wp-json\/wp\/v2\/pages\/208"}],"collection":[{"href":"https:\/\/artoutai.com\/equinoxes\/wp-json\/wp\/v2\/pages"}],"about":[{"href":"https:\/\/artoutai.com\/equinoxes\/wp-json\/wp\/v2\/types\/page"}],"author":[{"embeddable":true,"href":"https:\/\/artoutai.com\/equinoxes\/wp-json\/wp\/v2\/users\/1"}],"replies":[{"embeddable":true,"href":"https:\/\/artoutai.com\/equinoxes\/wp-json\/wp\/v2\/comments?post=208"}],"version-history":[{"count":26,"href":"https:\/\/artoutai.com\/equinoxes\/wp-json\/wp\/v2\/pages\/208\/revisions"}],"predecessor-version":[{"id":628,"href":"https:\/\/artoutai.com\/equinoxes\/wp-json\/wp\/v2\/pages\/208\/revisions\/628"}],"wp:attachment":[{"href":"https:\/\/artoutai.com\/equinoxes\/wp-json\/wp\/v2\/media?parent=208"}],"curies":[{"name":"wp","href":"https:\/\/api.w.org\/{rel}","templated":true}]}}

<p>[vc_row css_animation= » » row_type= »row » use_row_as_full_screen_section= »no » type= »full_width » angled_section= »no » text_align= »left » background_image_as_pattern= »without_pattern »][vc_column css= ».vc_custom_1567024835603{background-color: #ffffff !important;} »][vc_column_text]</p>
<p style="text-align: center;">Toute l’équipe d&rsquo;<a href="https://www.artoutai.com" target="_blank" rel="noopener noreferrer"><strong>Artoutaï Productions</strong></a> remercie l’ensemble des personnes qui contribuent aux Equinoxes et tous les partenaires institutionnels, médias, culturels, les habitants et les élus de la communauté de communes de la Bretagne Romantique.</p>
<p>[/vc_column_text][vc_empty_space][vc_column_text]</p>
<h3><strong>Institutionnels</strong></h3>
<p>&nbsp;</p>
<p style="text-align: center;"><a href="https://www.bretagne.bzh/" target="_blank" rel="noopener noreferrer"> </a><a href="https://www.ccbrennes.fr/" target="_blank" rel="noopener noreferrer"><img loading="lazy" class="alignnone wp-image-274 size-full" src="http://artoutai.com/equinoxes/wp-content/uploads/2019/09/CCBR.png" alt="" width="80" height="96" /></a>                        <img loading="lazy" class="alignnone wp-image-276 size-full" src="http://artoutai.com/equinoxes/wp-content/uploads/2019/09/LogoCG.png" alt="" width="146" height="96" />                     <img loading="lazy" class="alignnone size-full wp-image-277" src="http://artoutai.com/equinoxes/wp-content/uploads/2019/09/LogoRegion.jpg" alt="" width="95" height="96" />                     <img class="alignnone size-full wp-image-277" src="http://artoutai.com/equinoxes/wp-content/uploads/2020/09/logoFDVAsite-1.jpg" alt="" height="96" /></p>
<p><a href="https://plesder.fr/" target="_blank" rel="noopener noreferrer"><img loading="lazy" class="alignnone wp-image-496 aligncenter" src="http://artoutai.com/equinoxes/wp-content/uploads/2020/03/plesder.jpeg" alt="" width="217" height="212" srcset="https://artoutai.com/equinoxes/wp-content/uploads/2020/03/plesder.jpeg 420w, https://artoutai.com/equinoxes/wp-content/uploads/2020/03/plesder-300x293.jpeg 300w" sizes="(max-width: 217px) 100vw, 217px" /></a></p>
<h3><strong>Médias</strong></h3>
<p><a href="https://www.agendaou.fr/" target="_blank" rel="noopener noreferrer"><img loading="lazy" class="wp-image-569 aligncenter" src="http://artoutai.com/equinoxes/wp-content/uploads/2020/03/AGendaou.jpg" alt="" width="222" height="96" srcset="https://artoutai.com/equinoxes/wp-content/uploads/2020/03/AGendaou.jpg 720w, https://artoutai.com/equinoxes/wp-content/uploads/2020/03/AGendaou-300x130.jpg 300w, https://artoutai.com/equinoxes/wp-content/uploads/2020/03/AGendaou-700x303.jpg 700w" sizes="(max-width: 222px) 100vw, 222px" /></a></p>
<p>[/vc_column_text][vc_empty_space][vc_separator type= »normal »][vc_column_text]<b>Remerciements</b></p>
<p><b>Le projet de l’association reçoit le soutien financier de</b> la Communauté de communes de la Bretagne Romantique, du Département d’Ille-et-Vilaine, de la Région Bretagne, du Fond pour le développement de la vie associative.</p>
<p><b>Les partenaires de la deuxième  édition :</b></p>
<p><span style="font-weight: 400;">&gt; la commune de Plesder</span></p>
<p><span style="font-weight: 400;">&gt; l’école primaire “La petite  courcière” de Plesder</span></p>
<p>&nbsp;</p>
<p><b>De chaleureux remerciements également aux artistes, techniciens, partenaires, prestataires et bénévoles pour ces Equinoxes !</b><b></b>[/vc_column_text][/vc_column][/vc_row][vc_row css_animation= » » row_type= »row » use_row_as_full_screen_section= »no » type= »full_width » angled_section= »no » text_align= »left » background_image_as_pattern= »without_pattern »][vc_column][vc_empty_space][/vc_column][/vc_row]</p>

<p>[vc_row css_animation= » » row_type= »row » use_row_as_full_screen_section= »no » type= »full_width » angled_section= »no » text_align= »left » background_image_as_pattern= »without_pattern »][vc_column css= ».vc_custom_1567024835603{background-color: #ffffff !important;} »][vc_column_text] Toute l’équipe d&rsquo;Artoutaï Productions remercie l’ensemble des personnes qui contribuent aux Equinoxes et tous les partenaires institutionnels, médias, culturels, les habitants et les élus de la communauté de communes de la Bretagne Romantique. [/vc_column_text][vc_empty_space][vc_column_text]&#8230;</p>

<!-- This site is optimized with the Yoast SEO plugin v15.9.2 - https://yoast.com/wordpress/plugins/seo/ -->
<title>PARTENAIRES - Les équinoxes d&#039;Artoutaï</title>
<meta name="robots" content="index, follow, max-snippet:-1, max-image-preview:large, max-video-preview:-1" />
<link rel="canonical" href="https://artoutai.com/equinoxes/partenaires/" />
<meta property="og:locale" content="fr_FR" />
<meta property="og:type" content="article" />
<meta property="og:title" content="PARTENAIRES - Les équinoxes d&#039;Artoutaï" />
<meta property="og:description" content="[vc_row css_animation= » » row_type= »row » use_row_as_full_screen_section= »no » type= »full_width » angled_section= »no » text_align= »left » background_image_as_pattern= »without_pattern »][vc_column css= ».vc_custom_1567024835603{background-color: #ffffff !important;} »][vc_column_text] Toute l’équipe d&rsquo;Artoutaï Productions remercie l’ensemble des personnes qui contribuent aux Equinoxes et tous les partenaires institutionnels, médias, culturels, les habitants et les élus de la communauté de communes de la Bretagne Romantique. [/vc_column_text][vc_empty_space][vc_column_text]..." />
<meta property="og:url" content="https://artoutai.com/equinoxes/partenaires/" />
<meta property="og:site_name" content="Les équinoxes d&#039;Artoutaï" />
<meta property="article:modified_time" content="2020-09-02T12:14:40+00:00" />
<meta property="og:image" content="http://artoutai.com/equinoxes/wp-content/uploads/2019/09/CCBR.png" />
<meta name="twitter:card" content="summary_large_image" />
<meta name="twitter:label1" content="Durée de lecture est.">
	<meta name="twitter:data1" content="1 minute">
<script type="application/ld+json" class="yoast-schema-graph">{"@context":"https://schema.org","@graph":[{"@type":"WebSite","@id":"https://artoutai.com/equinoxes/#website","url":"https://artoutai.com/equinoxes/","name":"Les \u00e9quinoxes d&#039;Artouta\u00ef","description":"Ev\u00e8nements artistiques en Bretagne Romantique","potentialAction":[{"@type":"SearchAction","target":"https://artoutai.com/equinoxes/?s={search_term_string}","query-input":"required name=search_term_string"}],"inLanguage":"fr-FR"},{"@type":"ImageObject","@id":"https://artoutai.com/equinoxes/partenaires/#primaryimage","inLanguage":"fr-FR","url":"http://artoutai.com/equinoxes/wp-content/uploads/2019/09/CCBR.png"},{"@type":"WebPage","@id":"https://artoutai.com/equinoxes/partenaires/#webpage","url":"https://artoutai.com/equinoxes/partenaires/","name":"PARTENAIRES - Les \u00e9quinoxes d&#039;Artouta\u00ef","isPartOf":{"@id":"https://artoutai.com/equinoxes/#website"},"primaryImageOfPage":{"@id":"https://artoutai.com/equinoxes/partenaires/#primaryimage"},"datePublished":"2019-08-28T20:25:48+00:00","dateModified":"2020-09-02T12:14:40+00:00","breadcrumb":{"@id":"https://artoutai.com/equinoxes/partenaires/#breadcrumb"},"inLanguage":"fr-FR","potentialAction":[{"@type":"ReadAction","target":["https://artoutai.com/equinoxes/partenaires/"]}]},{"@type":"BreadcrumbList","@id":"https://artoutai.com/equinoxes/partenaires/#breadcrumb","itemListElement":[{"@type":"ListItem","position":1,"item":{"@type":"WebPage","@id":"http://artoutai.com/equinoxes/","url":"http://artoutai.com/equinoxes/","name":"Accueil"}},{"@type":"ListItem","position":2,"item":{"@type":"WebPage","@id":"https://artoutai.com/equinoxes/partenaires/","url":"https://artoutai.com/equinoxes/partenaires/","name":"PARTENAIRES"}}]}]}</script>
<!-- / Yoast SEO plugin. -->
